{"id":353,"date":"2025-09-01T11:50:11","date_gmt":"2025-09-01T09:50:11","guid":{"rendered":"https:\/\/polarparty.no\/pp33\/?page_id=353"},"modified":"2025-09-28T12:49:54","modified_gmt":"2025-09-28T10:49:54","slug":"regler","status":"publish","type":"page","link":"https:\/\/polarparty.no\/pp33\/regler\/","title":{"rendered":"Regler"},"content":{"rendered":"\t\t<div data-elementor-type=\"wp-page\" data-elementor-id=\"353\" class=\"elementor elementor-353\" data-elementor-post-type=\"page\">\n\t\t\t\t<div class=\"elementor-element elementor-element-c9904d1 e-flex e-con-boxed e-con e-parent\" data-id=\"c9904d1\" data-element_type=\"container\" data-e-type=\"container\">\n\t\t\t\t\t<div class=\"e-con-inner\">\n\t\t\t\t<div class=\"elementor-element elementor-element-19b8d05 elementor-widget elementor-widget-heading\" data-id=\"19b8d05\" data-element_type=\"widget\" data-e-type=\"widget\" data-widget_type=\"heading.default\">\n\t\t\t\t\t<h2 class=\"elementor-heading-title elementor-size-default\">Regler for Polar Party 33<\/h2>\t\t\t\t<\/div>\n\t\t\t\t<div class=\"elementor-element elementor-element-557cc2c elementor-widget elementor-widget-text-editor\" data-id=\"557cc2c\" data-element_type=\"widget\" data-e-type=\"widget\" data-widget_type=\"text-editor.default\">\n\t\t\t\t\t\t\t\t\t<p>Det kan komme endringer i reglene frem til arrangementet starter. Husk \u00e5 holde deg oppdatert.<\/p>\t\t\t\t\t\t\t\t<\/div>\n\t\t\t\t<div class=\"elementor-element elementor-element-669ef5a elementor-widget elementor-widget-text-editor\" data-id=\"669ef5a\" data-element_type=\"widget\" data-e-type=\"widget\" data-widget_type=\"text-editor.default\">\n\t\t\t\t\t\t\t\t\t<ol><li style=\"list-style-type: none;\"><ol style=\"list-style-type: number;\"><li>Kun personer med gyldig b\u00e5nd (kj\u00f8pt billett) og crew har tillgang til hallen.<br \/><ul style=\"list-style-type: disc;\"><li>Foresatte eller andre har ikke tilgang til \u00e5 hjelpe med \u00e5 b\u00e6re inn utstyr i hallen. Foresatte m\u00e5 kj\u00f8pe billett for \u00e5 komme inn. Crew vil ikke ha mulighet til \u00e5 f\u00f8lge foresatte inn.<\/li><li>Sponsorer og lignende f\u00e5r egne b\u00e5nd.<\/li><li>\u00a0I tidsrommet 24.00-07.00 sendes alle med festivalpass ut, dette grunnet at det i tidsrommet for det meste foreg\u00e5r soving, og ingen aktiviteter p\u00e5 scene\/arkade.<\/li><\/ul><\/li><li>Vi forbeholder oss retten til \u00e5 se gjennom alle sekker\/bagger og lignende som skal inn i hallen.<\/li><li>Parkering skal kun skje p\u00e5 merkede plasser. Respekter avsperringer og vaktenes anvisninger!<\/li><li>R\u00f8yking er ikke tillatt inne. R\u00f8yking skal skje ute p\u00e5 anvist plass. Kast sneipene dine i aksebegeret!<\/li><li>Polar Party er et rusfritt arrangement og vi f\u00f8rer nulltoleranse mot alle rusmidler. Alkohol og andre rusmidler er ikke tillatt medbrakt eller brukt p\u00e5 omr\u00e5det inne og ute.<br \/><ul style=\"list-style-type: disc;\"><li>Berusede personer vil bli nektet adgang og bortvist fra omr\u00e5det.<\/li><li>Berusede deltakere vil bli bortvist og nektet videre deltakelse uten advarsel.<\/li><\/ul><\/li><li>Kun angitte innganger skal benyttes. Til vanlig er dette hovedinngangen, under innslippet kan andre anvisninger komme.<\/li><li>Avsperrede omr\u00e5der merket med &laquo;Crew only&raquo; eller sperreb\u00e5nd er KUN for crew og skal respekteres.<\/li><li>Hold plassene deres ryddig, respekter de rundt dere (spesielt dere med h\u00f8ytalere) og v\u00e6re snill og grei.<\/li><li>H\u00e6rverk, tyveri og lignende p\u00e5 omr\u00e5det inne og ute er ikke tillatt.<\/li><li>El-sparkesykkel og\u00a0\u00a0andre elektriske fremkomstmidler\u00a0er ikke tillatt i hallen.<\/li><li>Alle fors\u00f8k p\u00e5 h\u00e6rverk, tyveri og lignende vil bli politianmeldt.<\/li><li>Det er ikke tillatt med hvitevarer som kj\u00f8leskap, kj\u00f8lebokser tilkoblet str\u00f8m, vannkokere og bordvifter og lignende. Kun str\u00f8m til datamaskiner\/konsoller og tilh\u00f8rende utstyr. Dette er viktig, vi har ikke uendelig med str\u00f8m!<br \/><ul style=\"list-style-type: disc;\"><li>Gjenstander som bryter med forbudet vil bli fjernet. Vi tar ikke ansvaret for ulovlige ting\/gjenstander\/utstyr som blir fjernet.<\/li><\/ul><\/li><li>F\u00f8lg instrukser fra crew.<\/li><li>Soving er kun tillatt p\u00e5 anviste plasser, se skilter eller sp\u00f8r om veien. Soving i sovesalen vil kun v\u00e6re tilgjengelig for de med betalte soveplasser.<\/li><li>Soving under gamingplass er STRENGT forbudt. Dette er med tanke p\u00e5 brannsikkerhet.<\/li><li><b>P\u00e5\u00a0<\/b><b><b>grunn av ny bordl\u00f8sning er det i \u00e5r ikke tillatt med hyller.<\/b><\/b><\/li><li>Sofaer og andre ting som g\u00e5r ut over deltakernes angitte plass skal ikke medbringes til hallen. Det m\u00e5 v\u00e6re plass mellom bordrader til r\u00f8mningsveier.<\/li><li>Vi forbeholder oss retten til \u00e5 fakturere bortkj\u00f8ring og kasting av hensatt utstyr og byggverk.<\/li><li>De som skal delta i spillkonkurranser og\/eller kreative konkurranser, forplikter seg \u00e5 sette seg inn i reglene for konkurransene. Alle fors\u00f8k p\u00e5 juks vil f\u00f8re til diskvalisering.<\/li><li>F\u00f8lgende utstyr har du ikke lov til \u00e5 ta med p\u00e5 Polar Party:<br \/><ul style=\"list-style-type: disc;\"><li>Laserpekere<\/li><li>Droner<\/li><li>Lufthorn<\/li><\/ul><\/li><li>Polar interesseorganisasjon og crewet har ikke ansvar for medbrakt utstyr og lignende. Husk reiseforsikring.<\/li><li>Brann\/evakuering<br \/><ul style=\"list-style-type: disc;\"><li>Ved brann eller evakuering skal anviste n\u00f8dutganger benyttes, vennligst la alt av medbrakt utstyr st\u00e5 igjen.<\/li><\/ul><\/li><li>De som skal sove i campingvogn\/bobil\/combi camp\/telt utenfor hallens omr\u00e5de M\u00c5 si ifra p\u00e5 forh\u00e5nd. Send e-post til sikkerhetsansvarlig: joandreas@polint.no<br \/><ul style=\"list-style-type: disc;\"><li>Campingvogn\/bobil\/combi camp\/telt m\u00e5 registreres hos sikkerhet for at de skal f\u00e5 lov til \u00e5 st\u00e5\/settes opp p\u00e5 omr\u00e5det. En godkjennelse henges p\u00e5 vogna\/teltet s\u00e5 vi lett kan se at den har gyldig tillatelse. Vogner\/telt uten tillatelse blir tauet bort bort p\u00e5 egen risiko og regning.<\/li><li>Det vil ikke bli tilgjengelig str\u00f8m til campingvogn\/bobil\/combi camp\/telt. Det er heller ikke lov til \u00e5 ta med eller benytte aggregat eller h\u00f8ytaleranlegg.<\/li><li>Alkohol og andre rusmidler er ikke tillatt tundt eller i campingvogn\/bobil\/combi camp\/telt. Dette vil medf\u00f8re til bortvisning av personer og eventuelt borttauing av campingvogn\/bobil\/combi camp\/telt p\u00e5 eierens regning.<\/li><\/ul><\/li><li>Endringer i regler kan komme uten videre varsel. Du plikter deg, som deltaker p\u00e5 Polar Party, \u00e5 kunne gjeldene regelverk. Du vil alltid finne de gjeldene\/oppdaterte reglene p\u00e5 v\u00e5re nettsider.<\/li><li>Brudd p\u00e5 disse reglene kan medf\u00f8re til advarsler, bortvisning, klipping av b\u00e5nd og eventuelt politianmeldelse.<\/li><\/ol><\/li><\/ol>\t\t\t\t\t\t\t\t<\/div>\n\t\t\t\t\t<\/div>\n\t\t\t\t<\/div>\n\t\t\t\t<\/div>\n\t\t","protected":false},"excerpt":{"rendered":"<p>Regler for Polar Party 33 Det kan komme endringer i reglene frem til arrangementet starter.<\/p>\n","protected":false},"author":12,"featured_media":0,"parent":0,"menu_order":0,"comment_status":"closed","ping_status":"closed","template":"elementor_header_footer","meta":{"_monsterinsights_skip_tracking":false,"_monsterinsights_sitenote_active":false,"_monsterinsights_sitenote_note":"","_monsterinsights_sitenote_category":0,"footnotes":""},"class_list":["post-353","page","type-page","status-publish","hentry"],"_links":{"self":[{"href":"https:\/\/polarparty.no\/pp33\/wp-json\/wp\/v2\/pages\/353","targetHints":{"allow":["GET"]}}],"collection":[{"href":"https:\/\/polarparty.no\/pp33\/wp-json\/wp\/v2\/pages"}],"about":[{"href":"https:\/\/polarparty.no\/pp33\/wp-json\/wp\/v2\/types\/page"}],"author":[{"embeddable":true,"href":"https:\/\/polarparty.no\/pp33\/wp-json\/wp\/v2\/users\/12"}],"replies":[{"embeddable":true,"href":"https:\/\/polarparty.no\/pp33\/wp-json\/wp\/v2\/comments?post=353"}],"version-history":[{"count":13,"href":"https:\/\/polarparty.no\/pp33\/wp-json\/wp\/v2\/pages\/353\/revisions"}],"predecessor-version":[{"id":626,"href":"https:\/\/polarparty.no\/pp33\/wp-json\/wp\/v2\/pages\/353\/revisions\/626"}],"wp:attachment":[{"href":"https:\/\/polarparty.no\/pp33\/wp-json\/wp\/v2\/media?parent=353"}],"curies":[{"name":"wp","href":"https:\/\/api.w.org\/{rel}","templated":true}]}}