{"id":616,"date":"2025-09-27T13:08:04","date_gmt":"2025-09-27T11:08:04","guid":{"rendered":"https:\/\/polarparty.no\/pp33\/?page_id=616"},"modified":"2025-09-27T13:41:42","modified_gmt":"2025-09-27T11:41:42","slug":"minecraft","status":"publish","type":"page","link":"https:\/\/polarparty.no\/pp33\/minecraft\/","title":{"rendered":"Minecraft"},"content":{"rendered":"\t\t<div data-elementor-type=\"wp-page\" data-elementor-id=\"616\" class=\"elementor elementor-616\" data-elementor-post-type=\"page\">\n\t\t\t\t<div class=\"elementor-element elementor-element-4b7544e e-flex e-con-boxed e-con e-parent\" data-id=\"4b7544e\" data-element_type=\"container\" data-e-type=\"container\">\n\t\t\t\t\t<div class=\"e-con-inner\">\n\t\t\t\t<div class=\"elementor-element elementor-element-bfb735d elementor-widget elementor-widget-heading\" data-id=\"bfb735d\" data-element_type=\"widget\" data-e-type=\"widget\" data-widget_type=\"heading.default\">\n\t\t\t\t\t<h1 class=\"elementor-heading-title elementor-size-default\">Minecraft<\/h1>\t\t\t\t<\/div>\n\t\t\t\t\t<\/div>\n\t\t\t\t<\/div>\n\t\t<div class=\"elementor-element elementor-element-5330964 e-flex e-con-boxed e-con e-parent\" data-id=\"5330964\" data-element_type=\"container\" data-e-type=\"container\">\n\t\t\t\t\t<div class=\"e-con-inner\">\n\t\t\t\t<div class=\"elementor-element elementor-element-3ba9cec elementor-widget elementor-widget-image\" data-id=\"3ba9cec\" data-element_type=\"widget\" data-e-type=\"widget\" data-widget_type=\"image.default\">\n\t\t\t\t\t\t\t\t\t\t\t\t\t\t\t<img loading=\"lazy\" width=\"640\" height=\"273\" src=\"https:\/\/polarparty.no\/pp33\/wp-content\/uploads\/sites\/7\/2025\/09\/image1-0-768x328-1.png\" class=\"attachment-large size-large wp-image-618\" alt=\"image1-0-768x328\" srcset=\"https:\/\/polarparty.no\/pp33\/wp-content\/uploads\/sites\/7\/2025\/09\/image1-0-768x328-1.png 768w, https:\/\/polarparty.no\/pp33\/wp-content\/uploads\/sites\/7\/2025\/09\/image1-0-768x328-1-300x128.png 300w, https:\/\/polarparty.no\/pp33\/wp-content\/uploads\/sites\/7\/2025\/09\/image1-0-768x328-1-600x256.png 600w\" sizes=\"auto, (max-width: 640px) 100vw, 640px\" loading=\"lazy\" decoding=\"async\" \/>\t\t\t\t\t\t\t\t\t\t\t\t\t\t\t<\/div>\n\t\t\t\t\t<\/div>\n\t\t\t\t<\/div>\n\t\t<div class=\"elementor-element elementor-element-66a41e0 e-flex e-con-boxed e-con e-parent\" data-id=\"66a41e0\" data-element_type=\"container\" data-e-type=\"container\">\n\t\t\t\t\t<div class=\"e-con-inner\">\n\t\t\t\t<div class=\"elementor-element elementor-element-c27143f elementor-widget elementor-widget-text-editor\" data-id=\"c27143f\" data-element_type=\"widget\" data-e-type=\"widget\" data-widget_type=\"text-editor.default\">\n\t\t\t\t\t\t\t\t\t<h2>Minecraft-turnering p\u00e5 programmet<\/h2><p>Vi kan bekrefte at det blir en <b>Minecraft-konkurranse<\/b> som en del av \u00e5rets program!<\/p><p>Vi er i full gang med planleggingen for \u00e5 bestemme format, tema, tidspunkt og p\u00e5melding. Vi trenger litt mer tid f\u00f8r vi har det endelige oppsettet klart.<\/p><p><b>Hold dere oppdatert!<\/b> All informasjon om regler, p\u00e5melding og n\u00f8yaktige tider vil bli delt her p\u00e5 nettsiden i l\u00f8pet av kort tid.<\/p><p>Vi ser frem til en kreativ og byggerik konkurranse!<\/p>\t\t\t\t\t\t\t\t<\/div>\n\t\t\t\t\t<\/div>\n\t\t\t\t<\/div>\n\t\t\t\t<\/div>\n\t\t","protected":false},"excerpt":{"rendered":"<p>Minecraft Minecraft-turnering p\u00e5 programmet Vi kan bekrefte at det blir en Minecraft-konkurranse som en del<\/p>\n","protected":false},"author":12,"featured_media":0,"parent":0,"menu_order":0,"comment_status":"closed","ping_status":"closed","template":"elementor_header_footer","meta":{"_monsterinsights_skip_tracking":false,"_monsterinsights_sitenote_active":false,"_monsterinsights_sitenote_note":"","_monsterinsights_sitenote_category":0,"footnotes":""},"class_list":["post-616","page","type-page","status-publish","hentry"],"_links":{"self":[{"href":"https:\/\/polarparty.no\/pp33\/wp-json\/wp\/v2\/pages\/616","targetHints":{"allow":["GET"]}}],"collection":[{"href":"https:\/\/polarparty.no\/pp33\/wp-json\/wp\/v2\/pages"}],"about":[{"href":"https:\/\/polarparty.no\/pp33\/wp-json\/wp\/v2\/types\/page"}],"author":[{"embeddable":true,"href":"https:\/\/polarparty.no\/pp33\/wp-json\/wp\/v2\/users\/12"}],"replies":[{"embeddable":true,"href":"https:\/\/polarparty.no\/pp33\/wp-json\/wp\/v2\/comments?post=616"}],"version-history":[{"count":4,"href":"https:\/\/polarparty.no\/pp33\/wp-json\/wp\/v2\/pages\/616\/revisions"}],"predecessor-version":[{"id":621,"href":"https:\/\/polarparty.no\/pp33\/wp-json\/wp\/v2\/pages\/616\/revisions\/621"}],"wp:attachment":[{"href":"https:\/\/polarparty.no\/pp33\/wp-json\/wp\/v2\/media?parent=616"}],"curies":[{"name":"wp","href":"https:\/\/api.w.org\/{rel}","templated":true}]}}